8
Let o(t) be the second derivative of -2*t**2 - t - 2/3*t**3 + 10. Let c = 10 - 14. What is o(c)?
12
Let l(d) = -336*d + 679. Let w be l(2). Let h(t) = t**3 - 8*t**2 + 5*t + 18. Determine h(w).
4
Let p(l) = -4*l - 4 - l**3 + 2 + 1 - 4*l**2. Suppose -33*g + 262*g = -264 - 423. What is p(g)?
2
Let k(i) = -13*i + 1. Let r be k(6). Let v = 477 + -556. Let q = v - r. Let p(u) = -u**2 - 3*u. Determine p(q).
2
Let p(l) be the first derivative of 4/3*l**3 + 328 - 1/2*l**4 - 2*l - 1/2*l**2. Suppose 5 = -2*v + 3*x, -3*v - 2*v + 3*x + 1 = 0. Determine p(v).
-4
Let v(h) = h**3 + 5*h**2 + 8*h + 80. Let g be -6 + 0/(-3 - -5 - 1). Calculate v(g).
-4
Suppose -61*a = -103*a - 879 + 39. Let w(t) = -3*t - 50. What is w(a)?
10
Let g = -24161 - -24162. Let p(m) = 63*m**2 - m + 3. Let o(k) = 32*k**2 - k + 2. Let a(c) = -5*o(c) + 3*p(c). Calculate a(g).
30
Let g = 43 - 42. Let l(y) = 4*y**3 - 11*y**2 - 11*y + 13. Let i(n) = -n**3 - 1. Let r(f) = g*l(f) + 5*i(f). Calculate r(-10).
18
Let f = -162 + 170. Let z be (-68)/f + 18/12. Let d(n) = -n - 9. Give d(z).
-2
Let d(w) = -w**2 + 13*w - 8. Let h be (969/(-34))/19 + 9/(-2)*-3. Give d(h).
4
Let g(c) be the third derivative of -c**6/120 + c**5/10 + 5*c**4/24 + c**3 - 19*c**2. Let p = -5 + 5. Suppose p = 3*o - 15, 5*v = v + o + 23. Calculate g(v).
-8
Let r(b) = -24 - 12 - 24*b**2 + 63 - 8*b + 0*b**3 + 34*b - b**3. Give r(-25).
2
Let f = 731 - 726. Suppose 5*i = 5*h - 35, -10 = -h + f*i + 5. Let w(v) = -v**2 + 2 - v + 6*v + 0. Determine w(h).
2
Let f(a) = -2*a**2 + 25*a. Let u(k) = 3*k**2 - 18*k. Let z(i) = 5*f(i) + 7*u(i). Suppose -2*o + 2 = -0*o. Suppose p = 3*w, -2 = 2*w - p - o. Calculate z(w).
10
Let r(s) = -16*s - 8. Let l(j) = -11*j - 5. Let z(u) = 7*l(u) - 5*r(u). Suppose n = -2*c + 22, -255*c + 55 = -n - 250*c. What is z(n)?
5
Let a(m) = 13*m**3 - 19*m**2 - 21*m - 47. Let z(o) = -7*o**3 + 11*o**2 + 11*o + 26. Let x(w) = 6*a(w) + 11*z(w). Determine x(-8).
-20
Let l(k) = -k**3 - 2*k**2 + 1. Let c(q) = q - 8. Let t be c(8). Let h be l(t). Let z(x) = -6 + 3*x + x + h - x**2 + x. Determine z(5).
-5
Let k(m) = -10*m + 2*m**3 - 3*m**3 + 4 + 10*m**2 - m**3 + m**3. Suppose 225 = -122*x + 147*x. What is k(x)?
-5
Let u(x) be the third derivative of -x**6/360 + x**5/10 + 17*x**4/24 + 22*x**3/3 + 39*x**2. Let q(p) be the first derivative of u(p). Give q(14).
-11
Let d(l) = -2*l**2 - 3*l + 3. Let z = 1 + -4. Suppose 0 = -q - 2*s + 129 - 117, 0 = 4*q + 5*s - 30. Let b = z + q. Determine d(b).
-6
Let d = -173 - 14. Let p = d - -183. Let f(q) = -q**2 - 6*q - 5. Give f(p).
3
Let l(g) = 77*g + 16. Let j(a) = -20*a + 1. Let w(x) = 4*j(x) + l(x). What is w(12)?
-16
Let g(u) = -12*u - 3. Suppose 5*c + 38 = 7*c. Let f(x) = 42*x + 1 - 19*x - c*x. Let o(m) = -11*f(m) - 4*g(m). Give o(-1).
-3
Let u(n) = -n + 6. Let o(w) = w**3 - 3*w**2 + 5*w + 5. Let j be o(5). Suppose 95 - j = 5*i. Suppose -2*d - i*p - 2 = -p, -4*d = -5*p - 41. Calculate u(d).
2
Let g(n) = -239*n**2 + 17 - 4*n - 21 + 252*n**2. Calculate g(-1).
13
Let f(d) = -22*d**2 + 3*d - 8. Let m(h) = 254*h**2 - 32*h + 90. Let l(w) = -23*f(w) - 2*m(w). Suppose 2*b + 12 = -b. Calculate l(b).
-8
Let i be (-3)/(-2) + (-1)/(2/61). Let y = i + 31. Let t(f) = 1 + 0 + 257*f - 254*f. Determine t(y).
7
Let w(j) = j**3 + 7*j**2 + 6*j - 2. Let h be w(-6). Let b(s) = -s**3 - 2*s**2 + 2 + 0*s**2 - 8332*s + 8335*s. What is b(h)?
-4
Let c(a) be the first derivative of a**2 - 103 + 25/3*a**3 - a. What is c(1)?
26
Let c be 196/42*(1 - 1/(-2)). Let o(x) = -x**2 - x + 1. Calculate o(c).
-55
Let x(h) = -7*h - 4. Let y(i) = 5 + 9*i + 1 - 1. Let r be 3/(-5) - (1014/(-65) + 15) - -3. Let j(s) = r*y(s) + 4*x(s). Calculate j(3).
-4
Let k(s) = 12*s - 84. Let j be k(8). Let p(d) = -3*d. Let x(t) = -33*t - 12. Let o(w) = j*p(w) - x(w). Calculate o(13).
-27
Let v(i) = -182509 + 364979 - 182501 - i**3 + 5*i - 11*i**2. Calculate v(-11).
-86
Suppose -127*t = 1240 - 478. Let q(k) = k**3 + 5*k**2 - 8*k - 5. Give q(t).
7
Let q be 74/(-4) + 2/4. Let t be (-9)/q*(2 + -16). Let i(m) = 0*m**2 - 5 + m**2 - 7*m - 2*m**2. What is i(t)?
-5
Let o(n) = -307*n - 7 + 155*n + 155*n. Let i be 11 - 4/(-8)*0. Let d = 16 - i. Determine o(d).
8
Let v(t) be the second derivative of -t**5/20 + 2*t**4/3 - t**2/2 + 3*t. Suppose -93 = -20*j + 17*j. Suppose 30*h - j*h = -8. Determine v(h).
-1
Let q(h) = -h**3 + 4*h**2 + 14*h + 15. Let w(m) = 2*m**3 - 24*m**2 - 21*m + 259. Let c be w(12). Determine q(c).
-34
Let f(a) be the third derivative of a**5/15 + 11*a**4/6 - 7*a**3/6 + 74*a**2. Calculate f(-11).
-7
Let w = 3791 - 3782. Let l(r) be the second derivative of 1/12*r**4 - w*r + 0 + 5*r**2 + 3/2*r**3. Give l(-8).
2
Let s(n) = -n**3 + 14*n**2 - 3. Suppose 4*y + 96 = -a - 2*a, -3*a - 75 = -3*y. Let r be (a/6)/(0 + (-9)/27). Determine s(r).
-3
Let d(c) = -13*c**3 - 16996 - 3*c**2 + c + 5*c + 16991 + 12*c**3 + 33*c. Determine d(-8).
3
Suppose 908 = -225*a - 122*a - 133. Let c(r) = -r**3 - 4*r**2 - r - 16. Determine c(a).
-22
Let a(c) = -c**3 - 15*c**2 + 14*c - 27. Suppose -3*g - 104*g = 1712. Determine a(g).
5
Let d(a) be the first derivative of 5*a**3 - 15*a**2/2 + 13*a + 3073. Give d(1).
13
Suppose -31 = -394*z + 371 + 780. Let p(n) = 5*n - 15. Let t(k) = -5*k + 14. Let x(d) = -5*p(d) - 6*t(d). Give x(z).
6
Suppose -2311 = -3*k + 5*x, -1504 = -4*k + 2*k - 4*x. Let a(r) = -2*r - 758*r**2 + 1 - k*r**2 + 1512*r**2. Calculate a(-2).
-27
Suppose -5*l = -17 + 792. Let s = 163 + l. Let j(m) = -m**2 + 7*m - 4. Calculate j(s).
-12
Let h(s) = 6*s + 3224910 - 2*s - 3224897. What is h(-4)?
-3
Let m(j) = j**3 - 23*j**2 + 39*j + 58. Let z be m(21). Let s(g) = -11*g**2 - g + 7. Let y(w) = -13*w**2 - 2*w + 7. Let a(n) = z*y(n) + 6*s(n). Give a(5).
2
Let q(p) = 5*p**2 - p + 1. Suppose -5*o - 9 + 4 = 0. Let n be (-2)/(o*2)*(-70)/(-10). Suppose n = 2*y + k, 0 = 2*y - k + 4*k - 17. Calculate q(y).
5
Let x be 21/4 - (-1)/(-4). Let k(a) = x - 4 + 8*a + 0. Let r be (4/(-18))/((-10)/(-45)). What is k(r)?
-7
Suppose -4*i + 1 = -p, -24 = 7*i - 3*i + 4*p. Let f(b) = 9*b**3 + b**2. Let u be f(i). Let r(n) = n**2 + 8*n - 5. Calculate r(u).
-5
Let o(v) = v**3 + 7*v**2 + 8*v + 7. Let j(z) = 22*z + 49. Let g be j(9). Let k = 242 - g. Calculate o(k).
17
Let f(u) = -u**3 + 13*u**2 - 15*u + 12. Let m(o) = o**2 + 8*o - 72. Let t be m(6). What is f(t)?
-24
Let k(p) = p. Let u(h) = -5*h + 5. Suppose a = -0*b + 3*b + 13, -b + a = 5. Let o(n) = b*k(n) - u(n). Let y = 118 - 111. Give o(y).
2
Let q be 5/(-7 + 15/10 + 5). Let b(c) = -c**3 - 9*c**2 + 10*c + 1. Give b(q).
1
Suppose 5*j - 74 = -29. Suppose 5*b + 13 = -2*w, -3*b - j*w = -11*w + 11. Let x(k) = 11*k + 3. Determine x(b).
-30
Suppose 0 = -p - 3*p + v + 24, -18 = -3*p - v. Let y(q) be the second derivative of q**3/6 - 32*q. Determine y(p).
6
Let c(k) be the first derivative of k**6/120 - k**5/20 - k**4/24 + 5*k**3/6 - 231*k**2/2 + 277. Let b(t) be the second derivative of c(t). What is b(4)?
17
Let q be (-3 + (-9)/(-6))/((-2)/20). Suppose 3*h = -0*h + q. Let y(l) = h*l**2 - 4*l**2 + 0*l**2 + 9 + 7*l. Give y(-7).
9
Let h = -69 - -81. Let z(r) = r**2 + 3*r + 8*r + h*r - 24*r. Let c = 149 - 149. What is z(c)?
0
Let b(q) = -q**3 + 5*q**2 - 3*q + 2. Let u(i) = i**3 + 13*i**2 + 11*i + 8. Let n be u(-12). Let h be ((-3)/(-4))/(n/80). Calculate b(h).
11
Let y(j) = -3*j**3 - 12*j**2 + 14. Let s(g) be the first derivative of -g**4/2 - 2*g**3 + 9*g - 89. Let i(v) = -5*s(v) + 3*y(v). What is i(6)?
-3
Let x(w) = 44*w**3 + 10*w**2 + 10*w + 10. Let h(f) = -31*f**3 - 7*f**2 - 7*f - 7. Let s(m) = 7*h(m) + 5*x(m). Determine s(-1).
-2
Let a(w) = 2*w**2 + w**2 + 3*w**3 + 11*w - 2*w**2 - 4*w**3 - 7*w. Let s = 4 - 5. Let l(z) = -2*z + 1. Let g be l(s). Calculate a(g).
-6
Let f(a) = -8*a + 227. Let y be f(29). Let v(t) be the second derivative of 3/2*t**2 + 0 + 1/6*t**3 + 4*t. What is v(y)?
-2
Let z(i) be the second derivative of i**8/6720 - i**7/1260 - i**6/360 - i**5/24 + 4*i**4/3 - 11*i + 4. Let x(r) be the third derivative of z(r). Give x(4).
19
Let x(n) = -6*n + 85. Let w be x(16). Let l(m) = -17*m**2 + 3*m + 4. Let s(b) = 47*b**2 - 10*b - 11. Let y(r) = w*l(r) - 4*s(r). Calculate y(6).
6
Suppose -23*i - 39143 + 39028 = 0. Suppose 0 = b - 3*q + 1, 5*q + 0 = 4*b - 3. Let o(y) = 4*y + 1 + y**2 - b*y + 3*y. Determine o(i).
1
Let c(r) = -r**3 +